{"id":989,"date":"2025-12-23T12:28:18","date_gmt":"2025-12-23T15:28:18","guid":{"rendered":"https:\/\/vip.ezmkt.co\/?page_id=989"},"modified":"2025-12-23T13:01:05","modified_gmt":"2025-12-23T16:01:05","slug":"home","status":"publish","type":"page","link":"https:\/\/vip.ezmkt.co\/","title":{"rendered":"Home"},"content":{"rendered":"\t\t<div data-elementor-type=\"wp-page\" data-elementor-id=\"989\" class=\"elementor elementor-989\">\n\t\t\t\t\t\t<section class=\"elementor-section elementor-top-section elementor-element elementor-element-e04de78 elementor-section-height-full elementor-section-boxed elementor-section-height-default elementor-section-items-middle\" data-id=\"e04de78\" data-element_type=\"section\" data-settings=\"{&quot;background_background&quot;:&quot;classic&quot;}\">\n\t\t\t\t\t\t<div class=\"elementor-container elementor-column-gap-default\">\n\t\t\t\t\t<div class=\"elementor-column elementor-col-100 elementor-top-column elementor-element elementor-element-0bdc3a9\" data-id=\"0bdc3a9\" data-element_type=\"column\">\n\t\t\t<div class=\"elementor-widget-wrap elementor-element-populated\">\n\t\t\t\t\t\t<div class=\"elementor-element elementor-element-678ea25 elementor-widget elementor-widget-image\" data-id=\"678ea25\" data-element_type=\"widget\" data-widget_type=\"image.default\">\n\t\t\t\t<div class=\"elementor-widget-container\">\n\t\t\t\t\t\t\t\t\t\t\t\t\t\t\t<img decoding=\"async\" src=\"https:\/\/vip.ezmkt.co\/wp-content\/uploads\/elementor\/thumbs\/logo-espacovip-h-g-rgl2v7mqv6es9uhe3ejbdkrv2ik7tcbtmtkzl6wmo2.png\" title=\"logo-espacovip-h-g\" alt=\"logo-espacovip-h-g\" loading=\"lazy\" \/>\t\t\t\t\t\t\t\t\t\t\t\t\t\t\t<\/div>\n\t\t\t\t<\/div>\n\t\t\t\t<div class=\"elementor-element elementor-element-c863c73 elementor-widget elementor-widget-spacer\" data-id=\"c863c73\" data-element_type=\"widget\" data-widget_type=\"spacer.default\">\n\t\t\t\t<div class=\"elementor-widget-container\">\n\t\t\t\t\t\t\t<div class=\"elementor-spacer\">\n\t\t\t<div class=\"elementor-spacer-inner\"><\/div>\n\t\t<\/div>\n\t\t\t\t\t\t<\/div>\n\t\t\t\t<\/div>\n\t\t\t\t<div class=\"elementor-element elementor-element-bae267f elementor-widget elementor-widget-text-editor\" data-id=\"bae267f\" data-element_type=\"widget\" data-widget_type=\"text-editor.default\">\n\t\t\t\t<div class=\"elementor-widget-container\">\n\t\t\t\t\t\t\t\t\t<p>*Prezados clientes, fornecedores e parceiros,<br \/>Dirigimo-nos a voc\u00eas para comunicar uma decis\u00e3o dif\u00edcil, por\u00e9m necess\u00e1ria, em rela\u00e7\u00e3o ao futuro da ESPA\u00c7O VIP. Ap\u00f3s anos de dedica\u00e7\u00e3o e compromisso em oferecer m\u00f3veis planejados de alta qualidade, enfrentamos um per\u00edodo de grandes desafios financeiros que impactaram significativamente nossa opera\u00e7\u00e3o.<br \/>Em virtude dessas dificuldades, informamos que estamos suspendendo temporariamente nossas atividades. Essa medida foi tomada com o objetivo de avaliarmos todas as alternativas poss\u00edveis para reestruturar a empresa e honrar nossos compromissos com todos os envolvidos.<br \/>Estamos empenhados em buscar solu\u00e7\u00f5es vi\u00e1veis, incluindo a obten\u00e7\u00e3o de recursos financeiros e a an\u00e1lise de medidas legais, como a recupera\u00e7\u00e3o judicial ou, em \u00faltimo caso, o processo falimentar. Nosso principal objetivo \u00e9 garantir que todas as obriga\u00e7\u00f5es sejam cumpridas da forma mais justa e transparente poss\u00edvel, dentro dos par\u00e2metros legais.<\/p><p>Entendemos que este comunicado pode gerar preocupa\u00e7\u00f5es, e lamentamos qualquer transtorno que essa situa\u00e7\u00e3o possa causar. Gostar\u00edamos de assegurar a todos que estamos trabalhando diligentemente para encontrar a melhor solu\u00e7\u00e3o para todos os envolvidos.<br \/>Manteremos todos informados sobre o andamento da situa\u00e7\u00e3o por meio de nossos canais de comunica\u00e7\u00e3o. Agradecemos a compreens\u00e3o, confian\u00e7a e apoio que nos foram dedicados ao longo dos anos.<br \/>Atenciosamente,<br \/>ESPA\u00c7O VIP M\u00d3VEIS PLANEJADOS<\/p><p>Estamos direcionando todos a um \u00fanico telefone para que possamos dar aten\u00e7\u00e3o a todos de forma organizada.<br \/>Favor chamar no n\u00famero 11 937716334<\/p><p>Iremos formalizar esse comunicado por e-mail<br \/>Todas as nossas comunica\u00e7\u00f5es ser\u00e3o atrav\u00e9s desse telefone e por e-mail.<br \/>Pois Todas as lojas ja est\u00e3o fechadas e os im\u00f3veis devolvidos aos respectivos propriet\u00e1rios.<\/p>\t\t\t\t\t\t\t\t<\/div>\n\t\t\t\t<\/div>\n\t\t\t\t<div class=\"elementor-element elementor-element-45ff487 elementor-widget elementor-widget-button\" data-id=\"45ff487\" data-element_type=\"widget\" data-widget_type=\"button.default\">\n\t\t\t\t<div class=\"elementor-widget-container\">\n\t\t\t\t\t\t\t\t\t<div class=\"elementor-button-wrapper\">\n\t\t\t\t\t<a class=\"elementor-button elementor-button-link elementor-size-sm\" href=\"https:\/\/wa.me\/5511937716334\" target=\"_blank\" rel=\"nofollow\">\n\t\t\t\t\t\t<span class=\"elementor-button-content-wrapper\">\n\t\t\t\t\t\t<span class=\"elementor-button-icon\">\n\t\t\t\t<i aria-hidden=\"true\" class=\"fab fa-whatsapp\"><\/i>\t\t\t<\/span>\n\t\t\t\t\t\t\t\t\t<span class=\"elementor-button-text\">11 937716334<\/span>\n\t\t\t\t\t<\/span>\n\t\t\t\t\t<\/a>\n\t\t\t\t<\/div>\n\t\t\t\t\t\t\t\t<\/div>\n\t\t\t\t<\/div>\n\t\t\t\t<div class=\"elementor-element elementor-element-0bfbcad elementor-widget elementor-widget-button\" data-id=\"0bfbcad\" data-element_type=\"widget\" data-widget_type=\"button.default\">\n\t\t\t\t<div class=\"elementor-widget-container\">\n\t\t\t\t\t\t\t\t\t<div class=\"elementor-button-wrapper\">\n\t\t\t\t\t<a class=\"elementor-button elementor-button-link elementor-size-sm\" href=\"mailto:espacovip.planejados@gmail.com\" target=\"_blank\" rel=\"nofollow\">\n\t\t\t\t\t\t<span class=\"elementor-button-content-wrapper\">\n\t\t\t\t\t\t<span class=\"elementor-button-icon\">\n\t\t\t\t<i aria-hidden=\"true\" class=\"far fa-envelope\"><\/i>\t\t\t<\/span>\n\t\t\t\t\t\t\t\t\t<span class=\"elementor-button-text\">espacovip.planejados@gmail.com<\/span>\n\t\t\t\t\t<\/span>\n\t\t\t\t\t<\/a>\n\t\t\t\t<\/div>\n\t\t\t\t\t\t\t\t<\/div>\n\t\t\t\t<\/div>\n\t\t\t\t\t<\/div>\n\t\t<\/div>\n\t\t\t\t\t<\/div>\n\t\t<\/section>\n\t\t\t\t<\/div>\n\t\t","protected":false},"excerpt":{"rendered":"<p>*Prezados clientes, fornecedores e parceiros,Dirigimo-nos a voc\u00eas para comunicar uma decis\u00e3o dif\u00edcil, por\u00e9m necess\u00e1ria, em rela\u00e7\u00e3o ao futuro da ESPA\u00c7O VIP. Ap\u00f3s anos de dedica\u00e7\u00e3o e compromisso em oferecer m\u00f3veis planejados de alta qualidade, enfrentamos um per\u00edodo de grandes desafios financeiros que impactaram significativamente nossa opera\u00e7\u00e3o.Em virtude dessas dificuldades, informamos que estamos suspendendo temporariamente nossas [&hellip;]<\/p>\n","protected":false},"author":2,"featured_media":0,"parent":0,"menu_order":0,"comment_status":"closed","ping_status":"closed","template":"elementor_canvas","meta":{"site-sidebar-layout":"no-sidebar","site-content-layout":"page-builder","ast-site-content-layout":"default","site-content-style":"default","site-sidebar-style":"default","ast-global-header-display":"","ast-banner-title-visibility":"","ast-main-header-display":"","ast-hfb-above-header-display":"","ast-hfb-below-header-display":"","ast-hfb-mobile-header-display":"","site-post-title":"disabled","ast-breadcrumbs-content":"","ast-featured-img":"disabled","footer-sml-layout":"","ast-disable-related-posts":"","theme-transparent-header-meta":"default","adv-header-id-meta":"","stick-header-meta":"","header-above-stick-meta":"","header-main-stick-meta":"","header-below-stick-meta":"","astra-migrate-meta-layouts":"default","ast-page-background-enabled":"default","ast-page-background-meta":{"desktop":{"background-color":"var(--ast-global-color-4)","background-image":"","background-repeat":"repeat","background-position":"center center","background-size":"auto","background-attachment":"scroll","background-type":"","background-media":"","overlay-type":"","overlay-color":"","overlay-opacity":"","overlay-gradient":""},"tablet":{"background-color":"","background-image":"","background-repeat":"repeat","background-position":"center center","background-size":"auto","background-attachment":"scroll","background-type":"","background-media":"","overlay-type":"","overlay-color":"","overlay-opacity":"","overlay-gradient":""},"mobile":{"background-color":"","background-image":"","background-repeat":"repeat","background-position":"center center","background-size":"auto","background-attachment":"scroll","background-type":"","background-media":"","overlay-type":"","overlay-color":"","overlay-opacity":"","overlay-gradient":""}},"ast-content-background-meta":{"desktop":{"background-color":"var(--ast-global-color-5)","background-image":"","background-repeat":"repeat","background-position":"center center","background-size":"auto","background-attachment":"scroll","background-type":"","background-media":"","overlay-type":"","overlay-color":"","overlay-opacity":"","overlay-gradient":""},"tablet":{"background-color":"var(--ast-global-color-5)","background-image":"","background-repeat":"repeat","background-position":"center center","background-size":"auto","background-attachment":"scroll","background-type":"","background-media":"","overlay-type":"","overlay-color":"","overlay-opacity":"","overlay-gradient":""},"mobile":{"background-color":"var(--ast-global-color-5)","background-image":"","background-repeat":"repeat","background-position":"center center","background-size":"auto","background-attachment":"scroll","background-type":"","background-media":"","overlay-type":"","overlay-color":"","overlay-opacity":"","overlay-gradient":""}},"footnotes":""},"class_list":["post-989","page","type-page","status-publish","hentry"],"_links":{"self":[{"href":"https:\/\/vip.ezmkt.co\/index.php?rest_route=\/wp\/v2\/pages\/989","targetHints":{"allow":["GET"]}}],"collection":[{"href":"https:\/\/vip.ezmkt.co\/index.php?rest_route=\/wp\/v2\/pages"}],"about":[{"href":"https:\/\/vip.ezmkt.co\/index.php?rest_route=\/wp\/v2\/types\/page"}],"author":[{"embeddable":true,"href":"https:\/\/vip.ezmkt.co\/index.php?rest_route=\/wp\/v2\/users\/2"}],"replies":[{"embeddable":true,"href":"https:\/\/vip.ezmkt.co\/index.php?rest_route=%2Fwp%2Fv2%2Fcomments&post=989"}],"version-history":[{"count":16,"href":"https:\/\/vip.ezmkt.co\/index.php?rest_route=\/wp\/v2\/pages\/989\/revisions"}],"predecessor-version":[{"id":1011,"href":"https:\/\/vip.ezmkt.co\/index.php?rest_route=\/wp\/v2\/pages\/989\/revisions\/1011"}],"wp:attachment":[{"href":"https:\/\/vip.ezmkt.co\/index.php?rest_route=%2Fwp%2Fv2%2Fmedia&parent=989"}],"curies":[{"name":"wp","href":"https:\/\/api.w.org\/{rel}","templated":true}]}}